{"id":52,"date":"2015-05-07T08:59:43","date_gmt":"2015-05-07T08:59:43","guid":{"rendered":"http:\/\/m-s-b.dk\/?page_id=52"},"modified":"2020-11-27T10:08:50","modified_gmt":"2020-11-27T10:08:50","slug":"kontakt","status":"publish","type":"page","link":"https:\/\/www.kutterservice.dk\/index.php\/kontakt\/","title":{"rendered":"Kontakt"},"content":{"rendered":"<p>[et_pb_section fullwidth=&#8221;off&#8221; specialty=&#8221;off&#8221; background_image=&#8221;http:\/\/www.kutterservice.dk\/wp-content\/uploads\/2015\/05\/Kutterservice_27.jpg&#8221; transparent_background=&#8221;off&#8221; background_color=&#8221;#ffffff&#8221; allow_player_pause=&#8221;off&#8221; inner_shadow=&#8221;off&#8221; parallax=&#8221;off&#8221; parallax_method=&#8221;off&#8221; module_id=&#8221;front-top-pic&#8221; module_class=&#8221;line-u-pic lille-pic&#8221;][et_pb_row][et_pb_column type=&#8221;4_4&#8243;][\/et_pb_column][\/et_pb_row][\/et_pb_section][et_pb_section fullwidth=&#8221;off&#8221; specialty=&#8221;off&#8221; transparent_background=&#8221;off&#8221; background_color=&#8221;#e73b2f&#8221; allow_player_pause=&#8221;off&#8221; inner_shadow=&#8221;off&#8221; parallax=&#8221;off&#8221; parallax_method=&#8221;off&#8221; module_id=&#8221;omostextsection&#8221;][et_pb_row][et_pb_column type=&#8221;4_4&#8243;][et_pb_text admin_label=&#8221;Text&#8221; background_layout=&#8221;dark&#8221; text_orientation=&#8221;center&#8221;]<\/p>\n<h1 class=\"center hvid\" style=\"font-size: 25pt; letter-spacing: 2px; line-height: 110%; margin-bottom: 25px; padding-top: 60px;\"><b>KONTAKT OS NEMT OG UFORPLIGTENDE<\/b><\/h1>\n<p>[\/et_pb_text][\/et_pb_column][\/et_pb_row][et_pb_row][et_pb_column type=&#8221;1_3&#8243;][et_pb_text admin_label=&#8221;Text&#8221; background_layout=&#8221;dark&#8221; text_orientation=&#8221;center&#8221;]<img loading=\"lazy\" class=\"alignnone size-full wp-image-744\" src=\"\/wp-content\/uploads\/2015\/05\/logo_phone.png\" alt=\"phone_icon\" width=\"32\" height=\"32\" srcset=\"https:\/\/www.kutterservice.dk\/wp-content\/uploads\/2015\/05\/logo_phone.png 243w, https:\/\/www.kutterservice.dk\/wp-content\/uploads\/2015\/05\/logo_phone-150x150.png 150w\" sizes=\"(max-width: 32px) 100vw, 32px\" \/><\/p>\n<h4 class=\"no-line\" style=\"margin-top: 20px;\"><strong>Ring til os p\u00e5<\/strong><\/h4>\n<h4 class=\"no-line\" style=\"margin-top: 10px;\"><strong>+45 5649 6582<\/strong><\/h4>\n<p>[\/et_pb_text][\/et_pb_column][et_pb_column type=&#8221;1_3&#8243;][et_pb_text admin_label=&#8221;Text&#8221; background_layout=&#8221;dark&#8221; text_orientation=&#8221;center&#8221;]<img loading=\"lazy\" class=\"alignnone size-full wp-image-744\" src=\"\/wp-content\/uploads\/2015\/05\/logo_map.png\" alt=\"phone_icon\" width=\"32\" height=\"32\" \/><\/p>\n<h4 class=\"no-line\" style=\"margin-top: 20px;\"><strong>Find os p\u00e5<\/strong><\/h4>\n<h4 class=\"no-line\" style=\"margin-top: 10px;\"><strong>V\u00e6rftsvej 1, 3730 Nex\u00f8<\/strong><\/h4>\n<p>[\/et_pb_text][\/et_pb_column][et_pb_column type=&#8221;1_3&#8243;][et_pb_text admin_label=&#8221;Text&#8221; background_layout=&#8221;dark&#8221; text_orientation=&#8221;center&#8221;]<img loading=\"lazy\" class=\"alignnone size-full wp-image-744\" src=\"\/wp-content\/uploads\/2015\/05\/logo_envelope.png\" alt=\"phone_icon\" width=\"32\" height=\"32\" \/><\/p>\n<h4 class=\"no-line\" style=\"margin-top: 20px;\"><strong>Skriv til os p\u00e5<\/strong><\/h4>\n<h4 class=\"no-line\" style=\"margin-top: 10px;\"><strong><a style=\"color: #ffffff;\" href=\"mailto:info@oebks.dk\">info@oebks.dk<\/a><\/strong><\/h4>\n<p>[\/et_pb_text][\/et_pb_column][\/et_pb_row][et_pb_row][et_pb_column type=&#8221;4_4&#8243;][et_pb_divider admin_label=&#8221;Divider&#8221; color=&#8221;#ffffff&#8221; show_divider=&#8221;on&#8221; \/][\/et_pb_column][\/et_pb_row][\/et_pb_section][et_pb_section fullwidth=&#8221;off&#8221; specialty=&#8221;off&#8221; transparent_background=&#8221;off&#8221; background_color=&#8221;#244945&#8243; allow_player_pause=&#8221;off&#8221; inner_shadow=&#8221;off&#8221; parallax=&#8221;off&#8221; parallax_method=&#8221;off&#8221;][et_pb_row][et_pb_column type=&#8221;1_3&#8243;][et_pb_text admin_label=&#8221;Text&#8221; background_layout=&#8221;dark&#8221; text_orientation=&#8221;right&#8221;]<\/p>\n<p style=\"text-align: right; opacity: 0.7;\"><strong>\u00d8stbornholms Kutterservice ApS<\/strong><\/p>\n<p style=\"text-align: right; opacity: 0.7;\"><strong>V\u00e6rftsvej 1, 3730 Nex\u00f8<\/strong><\/p>\n<p style=\"text-align: right; opacity: 0.7;\"><strong>Tlf.: +45 5649 6582<\/strong><\/p>\n<p style=\"text-align: right; opacity: 0.7;\"><strong>Email:<a href=\"mailto:info@oebks.dk\"> info@oebks.dk<\/a><\/strong><\/p>\n<p>[\/et_pb_text][\/et_pb_column][et_pb_column type=&#8221;1_3&#8243;][et_pb_text admin_label=&#8221;Text&#8221; background_layout=&#8221;dark&#8221; text_orientation=&#8221;center&#8221;]<\/p>\n<p class=\"no-line\">All rights reserved<\/p>\n<p><img class=\" size-full wp-image-104\" style=\"padding-bottom: 56px;\" src=\"\/wp-content\/uploads\/2020\/10\/OBK-Logo1.png\" alt=\"final_logo\" width=\"250\" \/><\/p>\n<p>[\/et_pb_text][\/et_pb_column][et_pb_column type=&#8221;1_3&#8243;][et_pb_text admin_label=&#8221;Text&#8221; background_layout=&#8221;dark&#8221; text_orientation=&#8221;left&#8221;]<\/p>\n<h3 class=\"no-line\">F\u00e5 mere information lige her<\/h3>\n<p><strong><a href=\"\/index.php\/maskin-afd\/\">Maskinafdelingen<\/a><\/strong><\/p>\n<hr style=\"background-color: #ff4444; margin-top: -5px;\" \/>\n<p><strong><a href=\"\/index.php\/smede-afd\/\">Smedeafdelingen<\/a><\/strong><\/p>\n<hr style=\"background-color: #ff4444; margin-top: -5px;\" \/>\n<p><strong><a href=\"\/index.php\/sample-page\/\">Om os<\/a><\/strong><\/p>\n<hr style=\"background-color: #ff4444; margin-top: -5px;\" \/>\n<p><strong><a href=\"\/index.php\/kontakt\/\">Kontakt<\/a><\/strong>[\/et_pb_text][\/et_pb_column][\/et_pb_row][\/et_pb_section]<\/p>\n","protected":false},"excerpt":{"rendered":"<p><div class=\"et_pb_row et_pb_row_0 et_pb_row_empty\">\n\t\t\t\t\n\t\t\t\t\n\t\t\t\t\n\t\t\t\t\n\t\t\t\t\n\t\t\t<\/div><div class=\"et_pb_row et_pb_row_1 et_pb_row_empty\">\n\t\t\t\t\n\t\t\t\t\n\t\t\t\t\n\t\t\t\t\n\t\t\t\t\n\t\t\t<\/div> KONTAKT OS NEMT OG UFORPLIGTENDE <div class=\"et_pb_row et_pb_row_2 et_pb_row_empty\">\n\t\t\t\t\n\t\t\t\t\n\t\t\t\t\n\t\t\t\t\n\t\t\t\t\n\t\t\t<\/div> Ring til os p\u00e5 +45 5649 6582 Find os p\u00e5 V\u00e6rftsvej 1, 3730 Nex\u00f8 Skriv til os p\u00e5 info@oebks.dk <div class=\"et_pb_row et_pb_row_3 et_pb_row_empty\">\n\t\t\t\t\n\t\t\t\t\n\t\t\t\t\n\t\t\t\t\n\t\t\t\t\n\t\t\t<\/div><div class=\"et_pb_row et_pb_row_4 et_pb_row_empty\">\n\t\t\t\t\n\t\t\t\t\n\t\t\t\t\n\t\t\t\t\n\t\t\t\t\n\t\t\t<\/div> \u00d8stbornholms Kutterservice ApS V\u00e6rftsvej 1, 3730 Nex\u00f8 Tlf.: +45 5649 6582 Email: info@oebks.dk All rights reserved F\u00e5 mere information lige her Maskinafdelingen Smedeafdelingen Om os Kontakt<\/p>\n","protected":false},"author":1,"featured_media":0,"parent":0,"menu_order":0,"comment_status":"open","ping_status":"open","template":"","meta":{"_et_pb_use_builder":"on","_et_pb_old_content":"","_et_gb_content_width":""},"yoast_head":"<!-- This site is optimized with the Yoast SEO plugin v19.7.1 - https:\/\/yoast.com\/wordpress\/plugins\/seo\/ -->\n<title>Kontakt - \u00d8stbornholms kutterservice<\/title>\n<meta name=\"description\" content=\"Kontakt os hvis du s\u00f8ger en ny underleverand\u00f8r. vores maskinv\u00e6rksted st\u00e5r klar til at servicere dig.\" \/>\n<meta name=\"robots\" content=\"index, follow, max-snippet:-1, max-image-preview:large, max-video-preview:-1\" \/>\n<link rel=\"canonical\" href=\"https:\/\/www.kutterservice.dk\/index.php\/kontakt\/\" \/>\n<meta property=\"og:locale\" content=\"en_US\" \/>\n<meta property=\"og:type\" content=\"article\" \/>\n<meta property=\"og:title\" content=\"Kontakt - \u00d8stbornholms kutterservice\" \/>\n<meta property=\"og:description\" content=\"Kontakt os hvis du s\u00f8ger en ny underleverand\u00f8r. vores maskinv\u00e6rksted st\u00e5r klar til at servicere dig.\" \/>\n<meta property=\"og:url\" content=\"https:\/\/www.kutterservice.dk\/index.php\/kontakt\/\" \/>\n<meta property=\"og:site_name\" content=\"\u00d8stbornholms kutterservice\" \/>\n<meta property=\"article:modified_time\" content=\"2020-11-27T10:08:50+00:00\" \/>\n<meta name=\"twitter:card\" content=\"summary\" \/>\n<meta name=\"twitter:label1\" content=\"Est. reading time\" \/>\n\t<meta name=\"twitter:data1\" content=\"2 minutes\" \/>\n<script type=\"application\/ld+json\" class=\"yoast-schema-graph\">{\"@context\":\"https:\/\/schema.org\",\"@graph\":[{\"@type\":\"WebPage\",\"@id\":\"https:\/\/www.kutterservice.dk\/index.php\/kontakt\/\",\"url\":\"https:\/\/www.kutterservice.dk\/index.php\/kontakt\/\",\"name\":\"Kontakt - \u00d8stbornholms kutterservice\",\"isPartOf\":{\"@id\":\"https:\/\/www.kutterservice.dk\/#website\"},\"datePublished\":\"2015-05-07T08:59:43+00:00\",\"dateModified\":\"2020-11-27T10:08:50+00:00\",\"description\":\"Kontakt os hvis du s\u00f8ger en ny underleverand\u00f8r. vores maskinv\u00e6rksted st\u00e5r klar til at servicere dig.\",\"breadcrumb\":{\"@id\":\"https:\/\/www.kutterservice.dk\/index.php\/kontakt\/#breadcrumb\"},\"inLanguage\":\"en-US\",\"potentialAction\":[{\"@type\":\"ReadAction\",\"target\":[\"https:\/\/www.kutterservice.dk\/index.php\/kontakt\/\"]}]},{\"@type\":\"BreadcrumbList\",\"@id\":\"https:\/\/www.kutterservice.dk\/index.php\/kontakt\/#breadcrumb\",\"itemListElement\":[{\"@type\":\"ListItem\",\"position\":1,\"name\":\"Home\",\"item\":\"https:\/\/www.kutterservice.dk\/\"},{\"@type\":\"ListItem\",\"position\":2,\"name\":\"Kontakt\"}]},{\"@type\":\"WebSite\",\"@id\":\"https:\/\/www.kutterservice.dk\/#website\",\"url\":\"https:\/\/www.kutterservice.dk\/\",\"name\":\"\u00d8stbornholms kutterservice\",\"description\":\"\u00d8stbornholms kutterservice\",\"potentialAction\":[{\"@type\":\"SearchAction\",\"target\":{\"@type\":\"EntryPoint\",\"urlTemplate\":\"https:\/\/www.kutterservice.dk\/?s={search_term_string}\"},\"query-input\":\"required name=search_term_string\"}],\"inLanguage\":\"en-US\"}]}<\/script>\n<!-- \/ Yoast SEO plugin. -->","yoast_head_json":{"title":"Kontakt - \u00d8stbornholms kutterservice","description":"Kontakt os hvis du s\u00f8ger en ny underleverand\u00f8r. vores maskinv\u00e6rksted st\u00e5r klar til at servicere dig.","robots":{"index":"index","follow":"follow","max-snippet":"max-snippet:-1","max-image-preview":"max-image-preview:large","max-video-preview":"max-video-preview:-1"},"canonical":"https:\/\/www.kutterservice.dk\/index.php\/kontakt\/","og_locale":"en_US","og_type":"article","og_title":"Kontakt - \u00d8stbornholms kutterservice","og_description":"Kontakt os hvis du s\u00f8ger en ny underleverand\u00f8r. vores maskinv\u00e6rksted st\u00e5r klar til at servicere dig.","og_url":"https:\/\/www.kutterservice.dk\/index.php\/kontakt\/","og_site_name":"\u00d8stbornholms kutterservice","article_modified_time":"2020-11-27T10:08:50+00:00","twitter_card":"summary","twitter_misc":{"Est. reading time":"2 minutes"},"schema":{"@context":"https:\/\/schema.org","@graph":[{"@type":"WebPage","@id":"https:\/\/www.kutterservice.dk\/index.php\/kontakt\/","url":"https:\/\/www.kutterservice.dk\/index.php\/kontakt\/","name":"Kontakt - \u00d8stbornholms kutterservice","isPartOf":{"@id":"https:\/\/www.kutterservice.dk\/#website"},"datePublished":"2015-05-07T08:59:43+00:00","dateModified":"2020-11-27T10:08:50+00:00","description":"Kontakt os hvis du s\u00f8ger en ny underleverand\u00f8r. vores maskinv\u00e6rksted st\u00e5r klar til at servicere dig.","breadcrumb":{"@id":"https:\/\/www.kutterservice.dk\/index.php\/kontakt\/#breadcrumb"},"inLanguage":"en-US","potentialAction":[{"@type":"ReadAction","target":["https:\/\/www.kutterservice.dk\/index.php\/kontakt\/"]}]},{"@type":"BreadcrumbList","@id":"https:\/\/www.kutterservice.dk\/index.php\/kontakt\/#breadcrumb","itemListElement":[{"@type":"ListItem","position":1,"name":"Home","item":"https:\/\/www.kutterservice.dk\/"},{"@type":"ListItem","position":2,"name":"Kontakt"}]},{"@type":"WebSite","@id":"https:\/\/www.kutterservice.dk\/#website","url":"https:\/\/www.kutterservice.dk\/","name":"\u00d8stbornholms kutterservice","description":"\u00d8stbornholms kutterservice","potentialAction":[{"@type":"SearchAction","target":{"@type":"EntryPoint","urlTemplate":"https:\/\/www.kutterservice.dk\/?s={search_term_string}"},"query-input":"required name=search_term_string"}],"inLanguage":"en-US"}]}},"_links":{"self":[{"href":"https:\/\/www.kutterservice.dk\/index.php\/wp-json\/wp\/v2\/pages\/52"}],"collection":[{"href":"https:\/\/www.kutterservice.dk\/index.php\/wp-json\/wp\/v2\/pages"}],"about":[{"href":"https:\/\/www.kutterservice.dk\/index.php\/wp-json\/wp\/v2\/types\/page"}],"author":[{"embeddable":true,"href":"https:\/\/www.kutterservice.dk\/index.php\/wp-json\/wp\/v2\/users\/1"}],"replies":[{"embeddable":true,"href":"https:\/\/www.kutterservice.dk\/index.php\/wp-json\/wp\/v2\/comments?post=52"}],"version-history":[{"count":184,"href":"https:\/\/www.kutterservice.dk\/index.php\/wp-json\/wp\/v2\/pages\/52\/revisions"}],"predecessor-version":[{"id":1625,"href":"https:\/\/www.kutterservice.dk\/index.php\/wp-json\/wp\/v2\/pages\/52\/revisions\/1625"}],"wp:attachment":[{"href":"https:\/\/www.kutterservice.dk\/index.php\/wp-json\/wp\/v2\/media?parent=52"}],"curies":[{"name":"wp","href":"https:\/\/api.w.org\/{rel}","templated":true}]}}