{"id":2,"date":"2015-05-07T08:25:34","date_gmt":"2015-05-07T08:25:34","guid":{"rendered":"http:\/\/m-s-b.dk\/?page_id=2"},"modified":"2022-10-03T09:07:38","modified_gmt":"2022-10-03T09:07:38","slug":"sample-page","status":"publish","type":"page","link":"https:\/\/www.kutterservice.dk\/index.php\/sample-page\/","title":{"rendered":"Om os"},"content":{"rendered":"<p>[et_pb_section fb_built=&#8221;1&#8243; module_id=&#8221;front-top-pic&#8221; module_class=&#8221;line-u-pic lille-pic&#8221; _builder_version=&#8221;4.18.0&#8243; background_color=&#8221;#ffffff&#8221; background_image=&#8221;https:\/\/www.kutterservice.dk\/wp-content\/uploads\/2022\/10\/Kutter.jpg&#8221; background_position=&#8221;top_center&#8221; transparent_background=&#8221;off&#8221; global_colors_info=&#8221;{}&#8221;][et_pb_row _builder_version=&#8221;4.16&#8243; background_size=&#8221;initial&#8221; background_position=&#8221;top_left&#8221; background_repeat=&#8221;repeat&#8221; global_colors_info=&#8221;{}&#8221;][\/et_pb_row][\/et_pb_section][et_pb_section fb_built=&#8221;1&#8243; module_id=&#8221;omostextsection&#8221; _builder_version=&#8221;4.16&#8243; background_color=&#8221;#ffffff&#8221; transparent_background=&#8221;off&#8221; global_colors_info=&#8221;{}&#8221;][et_pb_row _builder_version=&#8221;4.16&#8243; background_size=&#8221;initial&#8221; background_position=&#8221;top_left&#8221; background_repeat=&#8221;repeat&#8221; global_colors_info=&#8221;{}&#8221;][et_pb_column type=&#8221;4_4&#8243; _builder_version=&#8221;4.16&#8243; custom_padding=&#8221;|||&#8221; global_colors_info=&#8221;{}&#8221; custom_padding__hover=&#8221;|||&#8221;][et_pb_text admin_label=&#8221;Text&#8221; _builder_version=&#8221;4.16&#8243; background_size=&#8221;initial&#8221; background_position=&#8221;top_left&#8221; background_repeat=&#8221;repeat&#8221; text_orientation=&#8221;center&#8221; module_alignment=&#8221;center&#8221; global_colors_info=&#8221;{}&#8221;]<\/p>\n<h1 class=\"center\" style=\"font-size: 25pt; letter-spacing: 2px; line-height: 110%; margin-bottom: 25px; margin-top: 60px;\"><b>M\u00d8D OS HER<\/b><\/h1>\n<h3 class=\"no-line\" style=\"margin-top: 23px; letter-spacing: 1px; line-height: 120%;\">\u00d8stbornholms Kutterservice er en kvalitetsbevidst smede-<br \/>\nog maskinvirksomhed.<br \/>\nVi producerer og leverer smede- og maskinservice til hele Danmark med et smil!<\/h3>\n<p>[\/et_pb_text][\/et_pb_column][\/et_pb_row][et_pb_row _builder_version=&#8221;4.16&#8243; background_size=&#8221;initial&#8221; background_position=&#8221;top_left&#8221; background_repeat=&#8221;repeat&#8221; global_colors_info=&#8221;{}&#8221;][et_pb_column type=&#8221;4_4&#8243; _builder_version=&#8221;4.16&#8243; custom_padding=&#8221;|||&#8221; global_colors_info=&#8221;{}&#8221; custom_padding__hover=&#8221;|||&#8221;][et_pb_text admin_label=&#8221;Text&#8221; _builder_version=&#8221;4.16&#8243; background_size=&#8221;initial&#8221; background_position=&#8221;top_left&#8221; background_repeat=&#8221;repeat&#8221; global_colors_info=&#8221;{}&#8221;]<\/p>\n<h5 style=\"text-align: center; color: #ff3333;\"><strong>M\u00f8d vores ejere og kontorpersonale herunder<\/strong><\/h5>\n<p><a href=\"#personale\"><img loading=\"lazy\" class=\"aligncenter size-full wp-image-117\" style=\"padding-top: 15px;\" src=\"\/wp-content\/uploads\/2015\/05\/arrow_down.png\" alt=\"arrow_down\" width=\"25\" height=\"25\" srcset=\"https:\/\/www.kutterservice.dk\/wp-content\/uploads\/2015\/05\/arrow_down.png 279w, https:\/\/www.kutterservice.dk\/wp-content\/uploads\/2015\/05\/arrow_down-150x150.png 150w\" sizes=\"(max-width: 25px) 100vw, 25px\" \/><\/a>[\/et_pb_text][\/et_pb_column][\/et_pb_row][\/et_pb_section][et_pb_section fb_built=&#8221;1&#8243; module_id=&#8221;personale&#8221; _builder_version=&#8221;4.16&#8243; background_color=&#8221;#ff3333&#8243; transparent_background=&#8221;off&#8221; global_colors_info=&#8221;{}&#8221;][et_pb_row column_structure=&#8221;1_4,1_4,1_4,1_4&#8243; _builder_version=&#8221;4.16&#8243; background_size=&#8221;initial&#8221; background_position=&#8221;top_left&#8221; background_repeat=&#8221;repeat&#8221; global_colors_info=&#8221;{}&#8221;][et_pb_column type=&#8221;1_4&#8243; _builder_version=&#8221;4.16&#8243; custom_padding=&#8221;|||&#8221; global_colors_info=&#8221;{}&#8221; custom_padding__hover=&#8221;|||&#8221;][et_pb_text admin_label=&#8221;Text&#8221; _builder_version=&#8221;4.18.0&#8243; background_size=&#8221;initial&#8221; background_position=&#8221;top_left&#8221; background_repeat=&#8221;repeat&#8221; text_orientation=&#8221;center&#8221; background_layout=&#8221;dark&#8221; module_alignment=&#8221;center&#8221; hover_enabled=&#8221;0&#8243; global_colors_info=&#8221;{}&#8221; sticky_enabled=&#8221;0&#8243;]<\/p>\n<p><img loading=\"lazy\" class=\"aligncenter wp-image-1661 size-full\" src=\"https:\/\/www.kutterservice.dk\/wp-content\/uploads\/2022\/10\/Anders.png\" alt=\"\" width=\"300\" height=\"300\" srcset=\"https:\/\/www.kutterservice.dk\/wp-content\/uploads\/2022\/10\/Anders.png 300w, https:\/\/www.kutterservice.dk\/wp-content\/uploads\/2022\/10\/Anders-150x150.png 150w\" sizes=\"(max-width: 300px) 100vw, 300px\" \/><\/p>\n<h4 class=\"no-line\" style=\"margin-top: 20px;\"><b>Anders<\/b><\/h4>\n<p><b>Ejer \/ Direkt\u00f8r<\/b><\/p>\n<h4 class=\"no-line\" style=\"margin-top: 10px;\"><b>Mobil: 52 39 37 20<\/b><\/h4>\n<p>[\/et_pb_text][\/et_pb_column][et_pb_column type=&#8221;1_4&#8243; _builder_version=&#8221;4.16&#8243; custom_padding=&#8221;|||&#8221; global_colors_info=&#8221;{}&#8221; custom_padding__hover=&#8221;|||&#8221;][et_pb_text admin_label=&#8221;Text&#8221; _builder_version=&#8221;4.18.0&#8243; background_size=&#8221;initial&#8221; background_position=&#8221;top_left&#8221; background_repeat=&#8221;repeat&#8221; text_orientation=&#8221;center&#8221; background_layout=&#8221;dark&#8221; module_alignment=&#8221;center&#8221; hover_enabled=&#8221;0&#8243; global_colors_info=&#8221;{}&#8221; sticky_enabled=&#8221;0&#8243;]<\/p>\n<p><img loading=\"lazy\" class=\"aligncenter wp-image-1663 size-full\" src=\"https:\/\/www.kutterservice.dk\/wp-content\/uploads\/2022\/10\/Soren.png\" alt=\"\" width=\"300\" height=\"300\" srcset=\"https:\/\/www.kutterservice.dk\/wp-content\/uploads\/2022\/10\/Soren.png 300w, https:\/\/www.kutterservice.dk\/wp-content\/uploads\/2022\/10\/Soren-150x150.png 150w\" sizes=\"(max-width: 300px) 100vw, 300px\" \/><\/p>\n<h4 class=\"no-line\" style=\"margin-top: 20px;\"><b>S\u00f8ren<\/b><\/h4>\n<p><b>Ejer \/ Direkt\u00f8r<\/b><\/p>\n<h4 class=\"no-line\" style=\"margin-top: 10px;\"><b>Mobil: 40 10 89 60<\/b><\/h4>\n<p>[\/et_pb_text][\/et_pb_column][et_pb_column type=&#8221;1_4&#8243; _builder_version=&#8221;4.16&#8243; custom_padding=&#8221;|||&#8221; global_colors_info=&#8221;{}&#8221; custom_padding__hover=&#8221;|||&#8221;][et_pb_text admin_label=&#8221;Text&#8221; _builder_version=&#8221;4.18.0&#8243; background_size=&#8221;initial&#8221; background_position=&#8221;top_left&#8221; background_repeat=&#8221;repeat&#8221; text_orientation=&#8221;center&#8221; background_layout=&#8221;dark&#8221; module_alignment=&#8221;center&#8221; global_colors_info=&#8221;{}&#8221;]<\/p>\n<p><img loading=\"lazy\" class=\"aligncenter wp-image-1660 size-full\" src=\"https:\/\/www.kutterservice.dk\/wp-content\/uploads\/2022\/10\/300.png\" alt=\"\" width=\"300\" height=\"300\" srcset=\"https:\/\/www.kutterservice.dk\/wp-content\/uploads\/2022\/10\/300.png 300w, https:\/\/www.kutterservice.dk\/wp-content\/uploads\/2022\/10\/300-150x150.png 150w\" sizes=\"(max-width: 300px) 100vw, 300px\" \/><\/p>\n<h4 class=\"no-line\" style=\"margin-top: 20px;\"><b>Mette<\/b><\/h4>\n<p><b>Administration<\/b><\/p>\n<h4 class=\"no-line\" style=\"margin-top: 10px;\"><b>Tlf: 56 49 65 82<\/b><\/h4>\n<p>[\/et_pb_text][\/et_pb_column][et_pb_column type=&#8221;1_4&#8243; _builder_version=&#8221;4.16&#8243; custom_padding=&#8221;|||&#8221; global_colors_info=&#8221;{}&#8221; custom_padding__hover=&#8221;|||&#8221;][et_pb_text admin_label=&#8221;Text&#8221; _builder_version=&#8221;4.18.0&#8243; background_size=&#8221;initial&#8221; background_position=&#8221;top_left&#8221; background_repeat=&#8221;repeat&#8221; text_orientation=&#8221;center&#8221; background_layout=&#8221;dark&#8221; module_alignment=&#8221;center&#8221; global_colors_info=&#8221;{}&#8221;]<\/p>\n<p><img loading=\"lazy\" class=\"aligncenter wp-image-1662 size-full\" src=\"https:\/\/www.kutterservice.dk\/wp-content\/uploads\/2022\/10\/Monica.png\" alt=\"\" width=\"300\" height=\"300\" srcset=\"https:\/\/www.kutterservice.dk\/wp-content\/uploads\/2022\/10\/Monica.png 300w, https:\/\/www.kutterservice.dk\/wp-content\/uploads\/2022\/10\/Monica-150x150.png 150w\" sizes=\"(max-width: 300px) 100vw, 300px\" \/><\/p>\n<h4 class=\"no-line\" style=\"margin-top: 20px;\"><b>Monica<\/b><\/h4>\n<p><b>Administration<\/b><\/p>\n<h4 class=\"no-line\" style=\"margin-top: 10px;\"><b>Tlf: 56 49 65 82<\/b><\/h4>\n<p>[\/et_pb_text][\/et_pb_column][\/et_pb_row][\/et_pb_section][et_pb_section fb_built=&#8221;1&#8243; _builder_version=&#8221;4.16&#8243; background_color=&#8221;#ffffff&#8221; transparent_background=&#8221;off&#8221; global_colors_info=&#8221;{}&#8221;][et_pb_row _builder_version=&#8221;4.16&#8243; background_size=&#8221;initial&#8221; background_position=&#8221;top_left&#8221; background_repeat=&#8221;repeat&#8221; global_colors_info=&#8221;{}&#8221;][et_pb_column type=&#8221;4_4&#8243; _builder_version=&#8221;4.16&#8243; custom_padding=&#8221;|||&#8221; global_colors_info=&#8221;{}&#8221; custom_padding__hover=&#8221;|||&#8221;][et_pb_testimonial author=&#8221;S\u00f8ren&#8221; job_title=&#8221;Ejer&#8221; company_name=&#8221;\u00d8stbornholms Kutterservice&#8221; admin_label=&#8221;Testimonial&#8221; _builder_version=&#8221;4.16&#8243; use_background_color=&#8221;off&#8221; background_size=&#8221;initial&#8221; background_position=&#8221;top_left&#8221; background_repeat=&#8221;repeat&#8221; text_orientation=&#8221;center&#8221; global_colors_info=&#8221;{}&#8221;]<\/p>\n<h3 class=\"no-line\" style=\"color: #303030;\"><strong>&#8220;Det vigtigste for os er, at vores kunder er glade og<\/strong><\/h3>\n<h3 class=\"no-line\" style=\"color: #303030;\"><strong>tilfredse med vores arbejde.&#8221;<\/strong><\/h3>\n<hr style=\"max-width: 50px; height: 3px; background-color: #303030;\" \/>[\/et_pb_testimonial][\/et_pb_column][\/et_pb_row][\/et_pb_section][et_pb_section fb_built=&#8221;1&#8243; _builder_version=&#8221;4.16&#8243; background_color=&#8221;#000000&#8243; transparent_background=&#8221;off&#8221; global_colors_info=&#8221;{}&#8221;][et_pb_row column_structure=&#8221;1_3,1_3,1_3&#8243; _builder_version=&#8221;4.16&#8243; background_size=&#8221;initial&#8221; background_position=&#8221;top_left&#8221; background_repeat=&#8221;repeat&#8221; global_colors_info=&#8221;{}&#8221;][et_pb_column type=&#8221;1_3&#8243; _builder_version=&#8221;4.16&#8243; custom_padding=&#8221;|||&#8221; global_colors_info=&#8221;{}&#8221; custom_padding__hover=&#8221;|||&#8221;][et_pb_text admin_label=&#8221;Text&#8221; _builder_version=&#8221;4.16&#8243; background_size=&#8221;initial&#8221; background_position=&#8221;top_left&#8221; background_repeat=&#8221;repeat&#8221; text_orientation=&#8221;right&#8221; background_layout=&#8221;dark&#8221; global_colors_info=&#8221;{}&#8221;]<\/p>\n<p style=\"text-align: right; opacity: 0.7;\"><strong>\u00d8stbornholms Kutterservice ApS<\/strong><\/p>\n<p style=\"text-align: right; opacity: 0.7;\"><strong>V\u00e6rftsvej 1, 3730 Nex\u00f8<\/strong><\/p>\n<p style=\"text-align: right; opacity: 0.7;\"><strong>Tlf.: +45 5649 6582<\/strong><\/p>\n<p style=\"text-align: right; opacity: 0.7;\"><strong>Email:<a href=\"mailto:info@oebks.dk\"> info@oebks.dk<\/a><\/strong><\/p>\n<p>[\/et_pb_text][\/et_pb_column][et_pb_column type=&#8221;1_3&#8243; _builder_version=&#8221;4.16&#8243; custom_padding=&#8221;|||&#8221; global_colors_info=&#8221;{}&#8221; custom_padding__hover=&#8221;|||&#8221;][et_pb_text admin_label=&#8221;Text&#8221; _builder_version=&#8221;4.16&#8243; background_size=&#8221;initial&#8221; background_position=&#8221;top_left&#8221; background_repeat=&#8221;repeat&#8221; text_orientation=&#8221;center&#8221; background_layout=&#8221;dark&#8221; module_alignment=&#8221;center&#8221; global_colors_info=&#8221;{}&#8221;]<\/p>\n<p class=\"no-line\">All rights reserved<\/p>\n<p><img class=\" size-full wp-image-104\" style=\"padding-bottom: 56px;\" src=\"\/wp-content\/uploads\/2020\/10\/OBK-Logo1.png\" alt=\"final_logo\" width=\"250\" \/>[\/et_pb_text][\/et_pb_column][et_pb_column type=&#8221;1_3&#8243; _builder_version=&#8221;4.16&#8243; custom_padding=&#8221;|||&#8221; global_colors_info=&#8221;{}&#8221; custom_padding__hover=&#8221;|||&#8221;][et_pb_text admin_label=&#8221;Text&#8221; _builder_version=&#8221;4.16&#8243; background_size=&#8221;initial&#8221; background_position=&#8221;top_left&#8221; background_repeat=&#8221;repeat&#8221; background_layout=&#8221;dark&#8221; global_colors_info=&#8221;{}&#8221;]<\/p>\n<h4 class=\"no-line\">F\u00e5 mere information lige her<\/h4>\n<p><strong><a href=\"\/index.php\/maskin-afd\/\">Maskinafdelingen<\/a><\/strong><\/p>\n<hr style=\"background-color: #ff4444; margin-top: -5px;\" \/>\n<p><strong><a href=\"\/index.php\/smede-afd\/\">Smedeafdelingen<\/a><\/strong><\/p>\n<hr style=\"background-color: #ff4444; margin-top: -5px;\" \/>\n<p><strong><a href=\"\/index.php\/sample-page\/\">Om os<\/a><\/strong><\/p>\n<hr style=\"background-color: #ff4444; margin-top: -5px;\" \/>\n<p><strong><a href=\"\/index.php\/kontakt\/\">Kontakt<\/a><\/strong>[\/et_pb_text][\/et_pb_column][\/et_pb_row][\/et_pb_section]<\/p>\n","protected":false},"excerpt":{"rendered":"<p>M\u00d8D OS HER \u00d8stbornholms Kutterservice er en kvalitetsbevidst smede- og maskinvirksomhed. Vi producerer og leverer smede- og maskinservice til hele Danmark med et smil!M\u00f8d vores ejere og kontorpersonale herunder Anders Ejer \/ Direkt\u00f8r Mobil: 52 39 37 20 S\u00f8ren Ejer \/ Direkt\u00f8r Mobil: 40 10 89 60 Mette Administration Tlf: 56 49 65 82 Monica [&hellip;]<\/p>\n","protected":false},"author":1,"featured_media":0,"parent":0,"menu_order":0,"comment_status":"closed","ping_status":"closed","template":"","meta":{"_et_pb_use_builder":"on","_et_pb_old_content":"<p>Hej Christian!<\/p><p>\u00a0<\/p><p>This is an example page. It's different from a blog post because it will stay in one place and will show up in your site navigation (in most themes). Most people start with an About page that introduces them to potential site visitors. It might say something like this:<\/p><blockquote><p>Hi there! I'm a bike messenger by day, aspiring actor by night, and this is my blog. I live in Los Angeles, have a great dog named Jack, and I like pi\u00f1a coladas. (And gettin' caught in the rain.)<\/p><\/blockquote><p>...or something like this:<\/p><blockquote><p>The XYZ Doohickey Company was founded in 1971, and has been providing quality doohickeys to the public ever since. Located in Gotham City, XYZ employs over 2,000 people and does all kinds of awesome things for the Gotham community.<\/p><\/blockquote><p>As a new WordPress user, you should go to <a href=\"http:\/\/m-s-b.dk\/wp-admin\/\">your dashboard<\/a> to delete this page and create new pages for your content. Have fun!<\/p>","_et_gb_content_width":""},"yoast_head":"<!-- This site is optimized with the Yoast SEO plugin v19.7.1 - https:\/\/yoast.com\/wordpress\/plugins\/seo\/ -->\n<title>Om os - \u00d8stbornholms kutterservice<\/title>\n<meta name=\"robots\" content=\"index, follow, max-snippet:-1, max-image-preview:large, max-video-preview:-1\" \/>\n<link rel=\"canonical\" href=\"https:\/\/www.kutterservice.dk\/index.php\/sample-page\/\" \/>\n<meta property=\"og:locale\" content=\"en_US\" \/>\n<meta property=\"og:type\" content=\"article\" \/>\n<meta property=\"og:title\" content=\"Om os - \u00d8stbornholms kutterservice\" \/>\n<meta property=\"og:description\" content=\"M\u00d8D OS HER \u00d8stbornholms Kutterservice er en kvalitetsbevidst smede- og maskinvirksomhed. Vi producerer og leverer smede- og maskinservice til hele Danmark med et smil!M\u00f8d vores ejere og kontorpersonale herunder Anders Ejer \/ Direkt\u00f8r Mobil: 52 39 37 20 S\u00f8ren Ejer \/ Direkt\u00f8r Mobil: 40 10 89 60 Mette Administration Tlf: 56 49 65 82 Monica [&hellip;]\" \/>\n<meta property=\"og:url\" content=\"https:\/\/www.kutterservice.dk\/index.php\/sample-page\/\" \/>\n<meta property=\"og:site_name\" content=\"\u00d8stbornholms kutterservice\" \/>\n<meta property=\"article:modified_time\" content=\"2022-10-03T09:07:38+00:00\" \/>\n<meta property=\"og:image\" content=\"https:\/\/www.kutterservice.dk\/wp-content\/uploads\/2022\/10\/Anders.png\" \/>\n<meta name=\"twitter:card\" content=\"summary\" \/>\n<meta name=\"twitter:label1\" content=\"Est. reading time\" \/>\n\t<meta name=\"twitter:data1\" content=\"3 minutes\" \/>\n<script type=\"application\/ld+json\" class=\"yoast-schema-graph\">{\"@context\":\"https:\/\/schema.org\",\"@graph\":[{\"@type\":\"WebPage\",\"@id\":\"https:\/\/www.kutterservice.dk\/index.php\/sample-page\/\",\"url\":\"https:\/\/www.kutterservice.dk\/index.php\/sample-page\/\",\"name\":\"Om os - \u00d8stbornholms kutterservice\",\"isPartOf\":{\"@id\":\"https:\/\/www.kutterservice.dk\/#website\"},\"datePublished\":\"2015-05-07T08:25:34+00:00\",\"dateModified\":\"2022-10-03T09:07:38+00:00\",\"breadcrumb\":{\"@id\":\"https:\/\/www.kutterservice.dk\/index.php\/sample-page\/#breadcrumb\"},\"inLanguage\":\"en-US\",\"potentialAction\":[{\"@type\":\"ReadAction\",\"target\":[\"https:\/\/www.kutterservice.dk\/index.php\/sample-page\/\"]}]},{\"@type\":\"BreadcrumbList\",\"@id\":\"https:\/\/www.kutterservice.dk\/index.php\/sample-page\/#breadcrumb\",\"itemListElement\":[{\"@type\":\"ListItem\",\"position\":1,\"name\":\"Home\",\"item\":\"https:\/\/www.kutterservice.dk\/\"},{\"@type\":\"ListItem\",\"position\":2,\"name\":\"Om os\"}]},{\"@type\":\"WebSite\",\"@id\":\"https:\/\/www.kutterservice.dk\/#website\",\"url\":\"https:\/\/www.kutterservice.dk\/\",\"name\":\"\u00d8stbornholms kutterservice\",\"description\":\"\u00d8stbornholms kutterservice\",\"potentialAction\":[{\"@type\":\"SearchAction\",\"target\":{\"@type\":\"EntryPoint\",\"urlTemplate\":\"https:\/\/www.kutterservice.dk\/?s={search_term_string}\"},\"query-input\":\"required name=search_term_string\"}],\"inLanguage\":\"en-US\"}]}<\/script>\n<!-- \/ Yoast SEO plugin. -->","yoast_head_json":{"title":"Om os - \u00d8stbornholms kutterservice","robots":{"index":"index","follow":"follow","max-snippet":"max-snippet:-1","max-image-preview":"max-image-preview:large","max-video-preview":"max-video-preview:-1"},"canonical":"https:\/\/www.kutterservice.dk\/index.php\/sample-page\/","og_locale":"en_US","og_type":"article","og_title":"Om os - \u00d8stbornholms kutterservice","og_description":"M\u00d8D OS HER \u00d8stbornholms Kutterservice er en kvalitetsbevidst smede- og maskinvirksomhed. Vi producerer og leverer smede- og maskinservice til hele Danmark med et smil!M\u00f8d vores ejere og kontorpersonale herunder Anders Ejer \/ Direkt\u00f8r Mobil: 52 39 37 20 S\u00f8ren Ejer \/ Direkt\u00f8r Mobil: 40 10 89 60 Mette Administration Tlf: 56 49 65 82 Monica [&hellip;]","og_url":"https:\/\/www.kutterservice.dk\/index.php\/sample-page\/","og_site_name":"\u00d8stbornholms kutterservice","article_modified_time":"2022-10-03T09:07:38+00:00","og_image":[{"url":"https:\/\/www.kutterservice.dk\/wp-content\/uploads\/2022\/10\/Anders.png"}],"twitter_card":"summary","twitter_misc":{"Est. reading time":"3 minutes"},"schema":{"@context":"https:\/\/schema.org","@graph":[{"@type":"WebPage","@id":"https:\/\/www.kutterservice.dk\/index.php\/sample-page\/","url":"https:\/\/www.kutterservice.dk\/index.php\/sample-page\/","name":"Om os - \u00d8stbornholms kutterservice","isPartOf":{"@id":"https:\/\/www.kutterservice.dk\/#website"},"datePublished":"2015-05-07T08:25:34+00:00","dateModified":"2022-10-03T09:07:38+00:00","breadcrumb":{"@id":"https:\/\/www.kutterservice.dk\/index.php\/sample-page\/#breadcrumb"},"inLanguage":"en-US","potentialAction":[{"@type":"ReadAction","target":["https:\/\/www.kutterservice.dk\/index.php\/sample-page\/"]}]},{"@type":"BreadcrumbList","@id":"https:\/\/www.kutterservice.dk\/index.php\/sample-page\/#breadcrumb","itemListElement":[{"@type":"ListItem","position":1,"name":"Home","item":"https:\/\/www.kutterservice.dk\/"},{"@type":"ListItem","position":2,"name":"Om os"}]},{"@type":"WebSite","@id":"https:\/\/www.kutterservice.dk\/#website","url":"https:\/\/www.kutterservice.dk\/","name":"\u00d8stbornholms kutterservice","description":"\u00d8stbornholms kutterservice","potentialAction":[{"@type":"SearchAction","target":{"@type":"EntryPoint","urlTemplate":"https:\/\/www.kutterservice.dk\/?s={search_term_string}"},"query-input":"required name=search_term_string"}],"inLanguage":"en-US"}]}},"_links":{"self":[{"href":"https:\/\/www.kutterservice.dk\/index.php\/wp-json\/wp\/v2\/pages\/2"}],"collection":[{"href":"https:\/\/www.kutterservice.dk\/index.php\/wp-json\/wp\/v2\/pages"}],"about":[{"href":"https:\/\/www.kutterservice.dk\/index.php\/wp-json\/wp\/v2\/types\/page"}],"author":[{"embeddable":true,"href":"https:\/\/www.kutterservice.dk\/index.php\/wp-json\/wp\/v2\/users\/1"}],"replies":[{"embeddable":true,"href":"https:\/\/www.kutterservice.dk\/index.php\/wp-json\/wp\/v2\/comments?post=2"}],"version-history":[{"count":92,"href":"https:\/\/www.kutterservice.dk\/index.php\/wp-json\/wp\/v2\/pages\/2\/revisions"}],"predecessor-version":[{"id":1671,"href":"https:\/\/www.kutterservice.dk\/index.php\/wp-json\/wp\/v2\/pages\/2\/revisions\/1671"}],"wp:attachment":[{"href":"https:\/\/www.kutterservice.dk\/index.php\/wp-json\/wp\/v2\/media?parent=2"}],"curies":[{"name":"wp","href":"https:\/\/api.w.org\/{rel}","templated":true}]}}